mmon factor of 900 and 49635?
45
What is the highest common factor of 5104 and 2768?
16
What is the highest common divisor of 46 and 3132577?
23
Calculate the greatest common factor of 16 and 76816.
16
What is the highest common divisor of 23864 and 1026?
38
Calculate the greatest common divisor of 75 and 1391675.
25
What is the greatest common divisor of 12386 and 3210226?
1126
What is the highest common factor of 4221 and 2205?
63
Calculate the greatest common factor of 3995098 and 58.
58
Calculate the highest common factor of 1848 and 1176.
168
What is the greatest common divisor of 188858 and 534?
178
Calculate the greatest common divisor of 112114 and 1247.
29
Calculate the highest common factor of 12037 and 1.
1
Calculate the greatest common factor of 905 and 41087.
181
Calculate the greatest common divisor of 124 and 1346609.
31
Calculate the greatest common factor of 560 and 181216.
112
What is the highest common factor of 222656 and 14?
14
Calculate the greatest common divisor of 22 and 6172485.
11
What is the highest common factor of 1142563 and 388?
97
Calculate the highest common factor of 1240 and 65160.
40
Calculate the highest common divisor of 1651 and 585.
13
What is the highest common divisor of 1837559 and 47?
47
Calculate the greatest common divisor of 882 and 172774.
98
Calculate the greatest common divisor of 170 and 14020.
10
Calculate the highest common divisor of 3822 and 539.
49
What is the greatest common factor of 58 and 122612?
58
What is the greatest common factor of 65 and 936?
13
Calculate the highest common divisor of 1498854 and 28.
14
What is the greatest common divisor of 18535 and 55?
55
Calculate the highest common factor of 2150 and 670.
10
What is the highest common factor of 275 and 1644775?
275
What is the highest common divisor of 1141937 and 787?
787
What is the highest common divisor of 2189182 and 718?
718
What is the greatest common divisor of 836 and 111606?
418
Calculate the greatest common factor of 2800 and 33680.
80
Calculate the highest common factor of 178310 and 220.
110
Calculate the greatest common factor of 251 and 7208720.
251
Calculate the highest common divisor of 782 and 11031674.
782
What is the highest common divisor of 7380 and 954972?
1476
What is the highest common factor of 765488 and 16?
16
Calculate the highest common divisor of 216792 and 216.
72
What is the highest common factor of 126593 and 142?
71
Calculate the highest common factor of 108 and 873261.
27
What is the greatest common factor of 9671 and 19570?
19
What is the greatest common divisor of 588 and 253624?
196
What is the highest common factor of 1164713 and 55?
11
Calculate the highest common factor of 11954 and 2494.
86
What is the highest common divisor of 3022122 and 1818?
606
What is the greatest common factor of 33947 and 16769?
409
What is the highest common factor of 8 and 4031480?
8
Calculate the greatest common factor of 54864 and 9648.
144
Calculate the greatest common factor of 39462 and 18.
6
What is the greatest common factor of 171 and 6661647?
171
Calculate the highest common factor of 70 and 24590.
10
What is the highest common divisor of 12 and 11964?
12
Calculate the highest common factor of 9919 and 45671.
109
What is the highest common divisor of 470596 and 784?
196
Calculate the highest common divisor of 97470 and 810.
270
What is the greatest common factor of 78340 and 60?
20
Calculate the highest common factor of 53371 and 152.
19
What is the highest common factor of 14 and 14?
14
What is the highest common factor of 48749 and 2465?
29
Calculate the highest common factor of 239198 and 398.
398
What is the greatest common divisor of 63855 and 7965?
135
Calculate the highest common factor of 73123 and 664.
83
What is the highest common divisor of 276 and 233841?
69
What is the greatest common factor of 8 and 21282?
2
What is the greatest common divisor of 552 and 2536?
8
What is the greatest common factor of 322 and 9394?
14
What is the highest common divisor of 453 and 131823?
453
What is the greatest common factor of 151424 and 637?
91
What is the greatest common divisor of 3788 and 256?
4
What is the highest common divisor of 5628842 and 3628?
1814
Calculate the greatest common divisor of 1474830 and 630.
630
Calculate the highest common factor of 1344 and 58317.
21
Calculate the greatest common divisor of 237 and 177.
3
Calculate the highest common factor of 207 and 18.
9
What is the greatest common factor of 159 and 318?
159
What is the greatest common divisor of 12929 and 91?
7
What is the greatest common divisor of 1676720 and 160?
80
Calculate the greatest common divisor of 102 and 14841.
51
What is the highest common factor of 76747 and 1100?
11
What is the greatest common factor of 16296204 and 62?
62
Calculate the greatest common divisor of 22 and 5204837.
11
Calculate the highest common factor of 12675 and 3211.
169
What is the greatest common divisor of 3 and 112083?
3
What is the greatest common divisor of 981 and 167424?
327
What is the highest common factor of 38 and 912?
38
What is the greatest common divisor of 3856 and 9552?
16
What is the greatest common divisor of 1950 and 452?
2
What is the greatest common divisor of 26 and 56758?
26
Calculate the highest common factor of 2036 and 640.
4
Calculate the highest common divisor of 22724 and 596804.
1196
Calculate the greatest common divisor of 130 and 16460.
10
What is the greatest common divisor of 3869 and 9417?
73
What is the highest common factor of 4340406 and 714?
714
Calculate the highest common divisor of 803 and 166012.
11
What is the highest common divisor of 10625 and 21811?
17
What is the highest common divisor of 96900 and 14892?
204
Calculate the highest common factor of 31 and 95449.
31
What is the highest common factor of 371 and 1267?
7
What is the highest common divisor of 34201 and 123421?
1487
Calculate the greatest common factor of 21870 and 9225.
45
What is the greatest common divisor of 43024 and 32?
16
What is the highest common divisor of 20380 and 580?
20
Calculate the highest common factor of 20 and 419065.
5
Calculate the highest common divisor of 2500912 and 144.
16
Calculate the highest common divisor of 33 and 72391.
11
Calculate the greatest common factor of 3243438 and 9.
9
What is the highest common factor of 2349 and 3609?
9
What is the highest common divisor of 23490 and 23838?
174
Calculate the highest common factor of 53536 and 128.
32
Calculate the highest common factor of 13 and 92339.
13
What is the highest common divisor of 171 and 124641?
9
Calculate the greatest common divisor of 130040 and 160.
40
What is the highest common factor of 142561 and 1073?
37
What is the greatest common divisor of 6891 and 27?
3
What is the greatest common divisor of 32 and 275104?
32
Calculate the highest common divisor of 96 and 5226.
6
Calculate the greatest common factor of 2655 and 17405.
295
Calculate the highest common divisor of 41004 and 792.
36
What is the highest common factor of 690 and 96876?
138
Calculate the greatest common factor of 12 and 3347394.
6
Calculate the greatest common divisor of 2562 and 2534.
14
What is the greatest common divisor of 352690 and 290?
10
What is the highest common divisor of 82 and 810734?
82
What is the greatest common factor of 4845 and 65450?
85
What is the greatest common factor of 586940 and 60?
20
Calculate the highest common factor of 60 and 370404.
12
Calculate the highest common factor of 289 and 107797.
289
What is the highest common divisor of 42 and 6608364?
42
What is the greatest common divisor of 152796 and 1605?
321
Calculate the highest common divisor of 966 and 7588.
14
Calculate the greatest common factor of 37 and 68.
1
What is the greatest common divisor of 12 and 12176?
4
Calculate the highest common divisor of 20748 and 152.
76
What is the highest common factor of 2075 and 38180?
415
Calculate the greatest common factor of 17895 and 300.
15
What is the greatest common divisor of 33 and 3179?
11
Calculate the highest common divisor of 10120 and 200420.
220
What is the greatest common factor of 1992861 and 117?
117
Calculate the greatest common divisor of 670220 and 1175.
235
Calculate the greatest common divisor of 75 and 2505.
15
